 q(16). Let h be (-2)/10 - g/45. Suppose 72 = -5*x + 387. Calculate the greatest common factor of h and x.
21
Let c be 0/((-4)/(-10) - (-3)/5). Suppose c*o = g + 2*o - 2, 3*o = -g + 2. Calculate the highest common factor of g and 2.
2
Let n be (-61 - -79) + -1 + -1. What is the greatest common divisor of n and 1?
1
Suppose -18 = -8*c - 98. Let y(p) = -7*p - 35. Let n be y(c). Let s be 13 + (-2)/(-2)*1. Calculate the greatest common factor of n and s.
7
Let r = 460 - 256. Suppose 0 = 5*t + 3*h - 186, 5*t - r = 3*h - 0*h. What is the greatest common divisor of 65 and t?
13
Let y be -3*1*1185/(-45). Calculate the greatest common divisor of 395 and y.
79
Suppose 18 = -2*a + 154. Calculate the greatest common divisor of 20 and a.
4
Let h be (15/(-8))/(-5) - (-976)/128. Calculate the highest common divisor of 2 and h.
2
Let h(s) = -2*s**3 - 3*s**2 + 3*s - 4. Let y be h(-4). Let r = -4 - 53. Let a = r + 65. Calculate the highest common divisor of a and y.
8
Let r(d) = -d**3 + 7*d**2 + 9*d + 7. Let v be r(8). Let u be (-1 - (-3 - 19)/2)*(-1 - -3). What is the highest common factor of v and u?
5
Suppose 4*m + 2 = -6. Let d be (-1)/(-1)*m/(-2). Suppose -h + 0 = 2*o - 1, 0 = -3*o - 4*h - 11. What is the greatest common factor of d and o?
1
Let j be ((-35)/(-2) + -1)/(57/76). What is the highest common divisor of 275 and j?
11
Let w(m) = -22*m + 516. Let u be w(23). What is the greatest common divisor of 45 and u?
5
Let o(c) = c**3 + 3*c**2 + c. Let h be o(-2). Suppose -4*j - 3*t + 31 = 0, -18 = -2*j - 4*t + h*t. Calculate the highest common divisor of 1 and j.
1
Let d be 30/(-20)*(-39 - -1). Let x = -128 + 243. Suppose 5*i = 4*w + x, 5*i - 5*w = i + 101. Calculate the highest common factor of i and d.
19
Let q = 202 + 8. Calculate the greatest common factor of 385 and q.
35
Let d be ((-9)/(-54))/(10/372)*10. What is the greatest common divisor of 124 and d?
62
Suppose o - 3*g - 16 = -o, -3*o - 5*g = -62. What is the greatest common divisor of 182 and o?
14
Suppose 4*a + 10 + 22 = 0. Let y be (2 + -6)*4/a. Suppose -2*g - y*g + 264 = 0. Calculate the greatest common factor of g and 6.
6
Let f = -67 - -118. Let j(v) = v**2 - 15*v - 37. Let m be j(18). What is the highest common factor of m and f?
17
Let x be -21*1/3*-1. Suppose 0 = 4*o + 5*k - 145, -x*o = -3*o + 3*k - 135. Calculate the greatest common factor of 30 and o.
30
Let c(x) = 7*x + 71. Let n be c(-20). Let k = n - -93. Calculate the highest common divisor of k and 192.
24
Let u = -42 - -111. Suppose -5*w + 16 = -u. What is the highest common factor of w and 17?
17
Suppose 4935 = 4*v + v - b, -2*v - 5*b = -2001. Calculate the highest common divisor of v and 76.
76
Let m be (-10)/(-2) - (25 + -20). Let w be (m + 1)/((34/(-264))/(-17)). What is the greatest common factor of w and 88?
44
Suppose 2*j + 3*f - 10 = -2*f, 3*f + 56 = 5*j. Calculate the highest common divisor of j and 115.
5
Let z be (-1)/(-2) + (6 - (-10790)/20). Calculate the highest common factor of z and 156.
78
Let a(p) = -5*p + 10. Let w be (6 - 4/1)*-4. Let n be a(w). Calculate the greatest common factor of 125 and n.
25
Let k be (-2788)/10 + 56/70. Let l = 502 + k. Calculate the greatest common divisor of l and 28.
28
Suppose n - 5*n = -12. Suppose 0 = 5*j - n*j - 76. What is the greatest common factor of 152 and j?
38
Let w(z) = -z**3 + 6*z**2 + z - 7. Let s be w(5). Calculate the greatest common divisor of s and 989.
23
Suppose -r = 3*w + 12, -2*r - 19 = -w + 6*w. Suppose -5*g = -r*d + 50, d + 47 = 4*d - 2*g. Calculate the greatest common divisor of d and 60.
15
Suppose y = -4*q + 18 + 92, -5*y - 4*q = -566. Calculate the highest common factor of y and 57.
57
Suppose 17*q - 5754 = -4*q. Suppose 4*f - 2*j - 220 = -3*j, 5*f = -j + q. Let y be (-9)/1*(-3 + 2). What is the greatest common factor of f and y?
9
Suppose 15 = -4*y + 47. Let t be (-1665)/(-30) - 1/(-2). Calculate the highest common divisor of t and y.
8
Let u = -41 + 361. Calculate the greatest common factor of u and 10.
10
Let t(v) = 2*v - 12. Let x be t(7). Suppose -5*u + 18 + 11 = -2*p, 3*u - 19 = x*p. Calculate the highest common factor of u and 45.
5
Let j be ((-42)/7 - -17)/1. Suppose 210 + 98 = 4*z. What is the highest common divisor of z and j?
11
Suppose -s + 4 + 7 = 0. Let x(h) = 208*h - 963. Let q be x(5). Calculate the greatest common divisor of s and q.
11
Let i = 20 - 19. Calculate the highest common divisor of i and 43.
1
Let z be -30 + 1887 - (9 + 0). Calculate the highest common divisor of z and 88.
88
Suppose -3*k = -4*q - 279, -2*q = -2*k + 135 + 51. Let a be (-36)/9*k/(-12). What is the highest common factor of a and 155?
31
Let g(b) = 7*b - 5. Let x be g(19). Suppose 5*u - 68 = 3*u + 5*p, 5*u - x = 2*p. What is the greatest common factor of u and 24?
24
Suppose 5*u = 5*b - 440, -4*b - 3*u + 111 = -220. Suppose 5*g - 20 - 8 = k, 5*k = -4*g + 5. What is the highest common factor of g and b?
5
Suppose 0 = 3*m - 3*n + 26 - 119, -5*m + 154 = -4*n. Let c(h) = -7*h + 10. Let g be c(0). Calculate the highest common factor of m and g.
10
Let a(l) be the first derivative of l**3/3 + 3*l**2/2 + 9*l - 3. Let p be a(-5). Let q be 173 - 2 - (-2 + 2). What is the greatest common factor of q and p?
19
Suppose -4*u + 30 = -10. Let l(d) = -d**3 - 10*d**2 + 12*d + 51. Let b be l(-11). Calculate the greatest common divisor of u and b.
10
Suppose -5*z + 489 = -246. Suppose 2*c = 3*a + 27, -22 = -4*a - 2. What is the greatest common divisor of c and z?
21
Let g(a) = -a**3 - 6*a**2 + 25*a - 13. Let f be g(-9). Suppose -o + f = -3. Let q = -13 - -29. Calculate the greatest common factor of q and o.
8
Let k = -46 - -60. Suppose 32 + 24 = 4*m. What is the highest common factor of k and m?
14
Let z = -22 - -57. Calculate the highest common factor of z and 203.
7
Suppose 0 = 4*z - 3*m - 45, 17 = -2*m + 19. What is the highest common factor of 444 and z?
12
Let j be (-12)/(-90) - (-534)/45. What is the greatest common factor of 9 and j?
3
Let g(w) = -2*w + 4. Let f be g(2). Suppose -5*z + 54 + 11 = f. Suppose -272 = -5*p + 118. What is the highest common factor of p and z?
13
Let o(i) be the third derivative of i**6/120 + i**5/10 - 5*i**4/12 - 5*i**3/6 + 8*i**2. Let x be o(-7). What is the greatest common factor of x and 176?
16
Suppose 0 = -25*o + 19*o + 1350. Let a(i) = 4*i**3 - i**2 - 2*i + 1. Let r be a(2). Calculate the highest common divisor of o and r.
25
Suppose 5*i - 3*v - 493 = -6*v, 2*i - 194 = 2*v. Suppose -2*u = -i - 408. Calculate the highest common factor of u and 11.
11
Suppose -l + 128 = 2*c, 2*c + 203 = 3*l - 221. Let n = l - 122. Calculate the highest common divisor of n and 12.
4
Let j be (-20)/90 + (-3424)/(-108)*6. Calculate the highest common factor of 10 and j.
10
Let y(i) = 7*i - 31. Let t be y(10). Let f = -499 + 590. Calculate the greatest common factor of t and f.
13
Let r be 1/((-7)/(-54))*1316/141. What is the greatest common factor of r and 243?
9
Let q(g) = g**3 + 8*g**2 - 5*g + 20. Let i be q(-6). Calculate the greatest common divisor of i and 122.
122
Let t = -205 + 430. What is the highest common divisor of t and 25?
25
Let x = -80 - -110. Suppose -q - q + 30 = 0. What is the highest common divisor of x and q?
15
Let n = 55 + -41. Calculate the highest common divisor of 119 and n.
7
Suppose -8*y - 91 = -y. Suppose -g - 3*g = 40. Let q = g - y. What is the highest common factor of 33 and q?
3
Suppose z - 4 = -1. Suppose -5*x - 30 = -2*g, 5*g + x - 9 = -z*x. Let d be (-3)/15 - (-26)/g. Calculate the greatest common divisor of 5 and d.
5
Let q be 2232/27*(2 + 1). What is the highest common divisor of q and 16?
8
Let w(k) = -k**2 - 10*k - 7. Let f be w(-8). Let n be (92/8)/(3/18). Suppose -n = -2*b - f. What is the highest common factor of 15 and b?
15
Let m(x) = -x**2 + 6*x - 5. Let k be 21*(2 + 15/(-9)). Let u be m(k). Let f be (-9 - u)/((-1)/(-63)). What is the highest common divisor of f and 21?
21
Let s = 13 - 8. Let d be 5/(-25) + (7944/20 - -4). Suppose a - 2*j = 114, 2*j + d = 4*a + s*j. Calculate the greatest common factor of a and 26.
26
Let z = -15 + 13. Let i(q) = -3*q**2 - q + 4. Let j be i(z). Let t(u) = -10*u - 15. Let x be t(j). What is the greatest common divisor of x and 18?
9
Suppose -m + 4 - 2 = 0. Suppose 7*c - m*c = -35. Le